c + 9 = 5*n, 16 = 4*h. Let v(i) = i**3 + 2*i**2 + i. Give v(n).
0
Let f(i) = -9*i**2 - 12*i + 5. Let k(l) = 16*l**2 + 23*l - 8. Let v(d) = 7*f(d) + 4*k(d). Let t be (-95)/(-4) - (-8)/32. Suppose 5*c = t - 59. Determine v(c).
-4
Let k(r) be the second derivative of 0 + 1/6*r**3 + 396*r + 5/2*r**2. Suppose 0 = -2*s + 5*x - 28, -s = -2*s + x - 8. Determine k(s).
1
Suppose -j = 4*p + 11, -3*j + 11*p - 12*p = 0. Let v(h) = -13*h**3 + 22396 + h - 22396. Calculate v(j).
-12
Let o(a) = -2*a**3 - 7*a**2 - 3*a - 5. Let j be (5/10)/((-8)/16 - 10/(-25)). Give o(j).
85
Suppose -17 = 5*s - n - 2, -4*n + 6 = -2*s. Let o(m) be the first derivative of 2 - 1/3*m**3 - m**2 + 0*m. Determine o(s).
-3
Let d(w) = 6*w**2 - 12*w + 4. Let m(l) = 5*l + 24. Let o be m(0). Let g = o + -18. Let y(t) = -5*t**2 + 11*t - 4. Let f(z) = g*d(z) + 7*y(z). Calculate f(-6).
2
Let z(l) be the third derivative of 1/6*l**3 + 1/20*l**5 + 3*l**2 + 0*l**4 - 4*l + 0. Let g(s) = -s + 10. Let h be g(9). Give z(h).
4
Suppose 1246 = 69*m - 247*m. Let q(f) = f**2 - 2*f - 29. Determine q(m).
34
Let r(m) be the first derivative of -11*m**3/3 - 11*m**2 + 4*m + 113. Let s be r(-2). Let b(o) = o**3 - 4*o**2 - 4*o + 8. Give b(s).
-8
Let k(t) = -11*t. Let y = -38 - -39. Let j(o) = 2*o + 1. Let z(q) = y*k(q) + 5*j(q). Let n be (-4)/(8/6 - 2). Determine z(n).
-1
Let l be -9*5/((-45)/6). Let m(s) = -2*s**3 + 200 - 599 + 3*s**3 + 196 - 5*s**2 - 3*s + 196. Determine m(l).
11
Let y(c) = c**2. Suppose -3*w = -5*m + 5 + 1, 0 = -5*w + 4*m + 3. Suppose -w*t + 1 = -7*t + 5*l, -5*t - 3*l + 8 = 0. What is y(t)?
1
Let k be -5 + (-43 + -2)/5. Let q(b) = b**2 + 10*b - 52. What is q(k)?
4
Suppose -59*z - 392 = -75*z - 180*z. Let f(x) = -11*x**2 - x + 4. Calculate f(z).
-42
Let w(x) = -3*x. Let m(g) = -g**3 - 6*g**2 + 12*g - 11. Let t = -11 + 3. Let p be m(t). Let d be 33/p - (-3)/7. Calculate w(d).
-6
Let g(k) be the second derivative of k**5/20 + 7*k**4/6 + 5*k**3/6 + 9*k**2 + 114*k - 7. What is g(-13)?
122
Let g(j) = j**3 + 8*j**2 - 2*j - 13. Let x be g(-8). Let i(b) = 5*b + 2 - 4*b**3 - x*b - 3. Let l = -186 + 187. Determine i(l).
-3
Let g(k) = -19*k**3 - 4*k**2 + 3*k - 9. Let h be ((-57)/76)/((-12)/112). Let l(f) = -8*f**3 - 2*f**2 + f - 4. Let z(r) = h*l(r) - 3*g(r). What is z(2)?
-5
Let m(r) = 3*r**3 - 10*r**2 - 31. Let z(w) = 2*w**3 - 6*w**2 - w - 20. Let u(q) = 5*m(q) - 7*z(q). Calculate u(6).
-45
Let t(r) = r + 8. Let d be t(-9). Let l(o) be the third derivative of -o**6/30 - o**5/60 + o**3/6 + 35*o**2 + 3*o. Determine l(d).
4
Let w(i) = i**3 + 7*i**2 + 9*i - 13. Let h(l) = l - 3 + 3 - 1. Let m(v) = -5*h(v) + w(v). Suppose -89 + 17 = 12*u. Give m(u).
4
Let d(v) = 4 + 2*v**2 + v**3 - 6696*v - 6695*v + 13382*v + 0*v**3. Give d(-4).
8
Let s(m) = -m**3 - 8*m**2 + 10*m - 1. Suppose 7*b = 6*b - 3*q + 63, -2*q = b - 60. Suppose b = -3*t - 3*t. What is s(t)?
-10
Let p(m) = -13*m - 170. Let u be 47/(611/78) - (-1 + 20). What is p(u)?
-1
Let h be (-18)/((6/36)/(-1)). Let v = h + -101. Let r(i) = 6*i**2 - i**3 + 2*i + 9 + 0*i**3 + 0*i + 4*i. What is r(v)?
2
Let j(a) = -a**3 - 10*a**2 + 2*a + 12. Suppose -1872 = -27*z - 25*z. Suppose z*w = -278 - 82. Determine j(w).
-8
Let p be 0 - (-5)/3 - (-6)/18. Let x(w) = -5 + 7*w**p + w**3 + 9 + 0*w**3 - 8*w. Let r be x(-8). Let t(g) = -g**2 + 4*g - 2. What is t(r)?
-2
Let v(g) = 145*g + 428. Let x be v(-3). Let u(h) = 2*h + 18. Calculate u(x).
4
Let a(j) = 6*j + 4. Let z = -5375 + 5375. Calculate a(z).
4
Let n(m) = -27 + 16 + 11*m + m**2 + 15 + 22. Let d be (6 - 9)/((-9)/(-15)). Calculate n(d).
-4
Let z(a) = -28*a**3 + 58*a**2 + 13*a - 42. Let b(q) = -11*q**3 + 23*q**2 + 6*q - 17. Let t(h) = 23*b(h) - 9*z(h). Determine t(9).
14
Let n(o) be the second derivative of -o**4/12 + 7*o**3/3 + 3*o**2 + 1055*o. What is n(5)?
51
Let h be -14 - (0 - 3) - -3. Let r(a) = a**3 + 8*a**2 - 1. Let g be r(h). Let w(n) be the first derivative of n**4/2 + n + 4. Give w(g).
-1
Let c(g) = -47*g + 245. Let l(r) = 40*r - 248. Let q(i) = 5*c(i) + 6*l(i). Calculate q(52).
-3
Let y(k) = -3*k + 8. Suppose -92 = -4*r + 72. Let z = 41 - r. Suppose z*x + 40 = 5*x + 5*u, x - 3*u = 0. What is y(x)?
-10
Let t(l) = 17*l**2 - 15*l - 415. Let x(v) = 12*v**2 - 10*v - 296. Let f(p) = 5*t(p) - 7*x(p). Suppose -5*z - 2*s = -37 - 14, -s = 2. Let j = z - 7. Give f(j).
-7
Let j(k) = -2*k + 23. Let o = 13194 + -13191. Calculate j(o).
17
Suppose -16 = -4*a, 0 = -3*y - 2*a + 3*a + 2. Let b(c) = -11*c**2 + 17*c - 723. Let l(q) = -7*q**2 + 11*q - 452. Let z(p) = -5*b(p) + 8*l(p). Calculate z(y).
1
Let p = -106 + 153. Suppose 11*k = -p - 19. Let u(a) = -a**3 - 7*a**2 - 8*a - 3. Determine u(k).
9
Let f be (4/14)/((-66)/1386). Let n(j) = j**3 + 8*j**2 + 8*j + 6. Give n(f).
30
Let i(j) = -1 + j**3 - 7*j + 5*j**2 - 2*j + 2*j + 8*j. Suppose 4*g = 5*c, -3*c + 5*c - 4*g = 12. What is i(c)?
11
Let s(y) = -y + 4*y - 2060 + 2099. What is s(-16)?
-9
Let d(g) = -g**2 - g + 2. Suppose 0 = 68*u - 71*u + 696. Let q = -230 + u. Determine d(q).
-4
Suppose 5*q + 5*l - 15 = 0, 4*l = -0*q - q + 12. Let a(o) = 0 - 2 + q + 6*o. Suppose 0 = 4*b - 24, 593*m + 3*b - 28 = 598*m. What is a(m)?
-14
Let o(h) = -8*h - 31. Let q be o(-4). Let p(u) = 6*u**3 - u**2 + 3*u - 3. Give p(q).
5
Let s = -9 - 5. Let p(d) be the third derivative of 1/24*d**4 + 13/6*d**3 + 0 + 2*d**2 + 3*d. Determine p(s).
-1
Let x(f) = f**3 + 5*f**2 - 4*f - 4. Suppose -3 = -4*m + 21. Let j = -27 - -29. Suppose -h = -j*h - m. What is x(h)?
-16
Let d = -23 + 116. Let l(q) = -d - 93 + 191 - q**2 + 3*q. Calculate l(-2).
-5
Let g = 983 - 981. Let f(u) = -3 - g - 6 - u + 0 + 16. Let p be ((-4)/5)/(2/(-20)). Determine f(p).
-3
Let w = 63 + -40. Suppose -w = -5*v - f - 3*f, 3*f = v + 3. Let r(c) = v + c - 8*c - c**2 - c. Give r(-8).
3
Let g(c) = c**2 - 8*c + 5. Suppose -674 = -3*h + 2*v, 3*h + v = -2*v + 669. Suppose 23*k = -5*k + h. Give g(k).
5
Let r(t) be the first derivative of t**3/3 + 7*t**2/2 - t - 3582. Let v be (-64)/10 - (-2)/5. Give r(v).
-7
Let o = 12751 + -12760. Let r(i) = -4*i - 33. What is r(o)?
3
Let f(l) = -l**2 + 2*l + 5. Suppose -25*s - 1701 = -22*s. Let m = s - -567. What is f(m)?
5
Let d(x) be the first derivative of x**3/3 - 7*x**2/2 - 6*x + 19. Suppose 19*b - 18*b = 6. Suppose -42 = -b*v - v. Give d(v).
-12
Let n be (-1 - 0/(-1))*0. Let l be ((-2)/2 - n)*0. Let x(u) = 268689 - 134340 + 4*u**2 - 134349 - u**3 - u - 3*u**2. Determine x(l).
0
Suppose 255 = -415*t + 364*t. Let v(r) = -3*r**2 - 3*r + 10. Calculate v(t).
-50
Let j(r) = r - 5. Let a(f) = -f**3 - 2*f**2 + f + 4. Let x(c) = -c**3 - 3*c**2 + c + 3. Let z(m) = -6*a(m) + 5*x(m). Let o be z(4). Determine j(o).
-2
Let y be (-14 + 10)*(-9)/6. Let a(v) be the third derivative of v**5/60 - 7*v**4/24 + 3*v**3/2 - 2*v**2. What is a(y)?
3
Let l(h) = -h**3 - 5*h**2 - 6*h + 1. Let v be l(-3). Let a(q) = 34*q**2 - 3*q + 2. Determine a(v).
33
Let b(z) be the first derivative of 3*z**2 + 2*z**3 + 1/4*z**4 - 3*z + 50. Give b(-5).
-8
Let u be (-2)/3*(-3)/(-6)*3. Suppose n - i - 262 = 0, 3*i = 4*n + 178 - 1224. Let a(r) = -r**2 - n + 128 - 5*r**3 + 133 + r. What is a(u)?
4
Let h(t) = -6*t - 1. Let y be h(-14). Suppose 0 = 72*v - y*v + 99. Let x(p) = 2*p + 10. What is x(v)?
28
Let y(p) = -7*p**2 + 3*p + 16. Let h(r) = 4*r**2 - r - 9. Let f(x) = -5*h(x) - 3*y(x). Determine f(5).
2
Let j(b) = b**3 + b**2 - b - 6. Let r(l) = l**3 + 2*l**2 - 17*l - 8. Let z be r(-5). Let y(i) = -18 + 0*i**z - i + 20*i - i**2. Let k be y(18). What is j(k)?
-6
Suppose -151*v = 121*v. Let i(z) = -z**3 - z**2 + 4*z. What is i(v)?
0
Let o(i) = 4*i + 81. Let r(k) = -597*k - 7774. Let a be r(-13). What is o(a)?
29
Let x = 607 - 602. Let q(c) = c**3 - 6*c**2 - 5*c + 4. Give q(x).
-46
Let x = -9 + 11. Let z(f) = -3*f**3 - 9 + 1 + 13*f**x - 22*f + 18*f. Let v(l) = -2*l**3 + 7*l**2 - 2*l - 4. Let h(m) = 5*v(m) - 3*z(m). What is h(-3)?
-11
Let x(p) be the first derivative of -p**3/3 + 3*p**2 - p + 32761. Suppose -3*o + 8*o = 130. Suppose -q = -5*b - o, -4*q + 2*b + 25 = -7. Calculate x(q).
-1
Let d(l) = -6*l + 8. Let t(r) be the first derivative of -5*r**2/2 + 7*r + 4. Let w(y) = -6*d(y) + 7*t(y). Let c = 725 + -732. Give w(c).
-6
Let u(h) = -11*h + 206. Let s(z) = 45*z - 935. Let c(n) = 2*s(n) + 9*u(n). What is c(-2)?
2
Let t = -4613 - -4607. Let c(f) = 2*f**